183 a prime number?
True
Is 2951599 prime?
False
Is 2982643 prime?
True
Is 10530137 composite?
False
Is 30598937 a composite number?
True
Is 50950729 a prime number?
True
Is 1232718277 prime?
False
Is 22669593 prime?
False
Is 1040359 prime?
False
Is 4331771 prime?
False
Is 30200971 a prime number?
True
Is 88702441 prime?
False
Is 11237339 a composite number?
False
Is 7365751 prime?
True
Is 14165903 a composite number?
False
Is 5970311 a composite number?
True
Is 26989069 composite?
False
Is 1775981 a composite number?
False
Is 7099517 a composite number?
True
Is 51020891 a composite number?
True
Is 1213343 prime?
False
Is 5978377 composite?
False
Is 8897429 composite?
True
Is 323121621 composite?
True
Is 419678473 a prime number?
False
Is 1464917 a prime number?
True
Is 5257237 composite?
True
Is 50168351 a prime number?
True
Is 324579319 a composite number?
False
Is 31022591 a prime number?
False
Is 348635591 a composite number?
False
Is 17412727 a composite number?
True
Is 150022211 prime?
True
Is 70742023 prime?
False
Is 34116857 a composite number?
True
Is 588727649 prime?
True
Is 3624157 composite?
False
Is 128563 prime?
True
Is 33075635 prime?
False
Is 572610055 prime?
False
Is 108127601 composite?
False
Is 669359 prime?
True
Is 4077813 prime?
False
Is 9025907 composite?
True
Is 2977781 a prime number?
True
Is 884137 a prime number?
False
Is 3845027 composite?
False
Is 245448661 composite?
False
Is 5864419 composite?
True
Is 9926143 prime?
True
Is 63691297 composite?
False
Is 161865449 a prime number?
False
Is 4902995 prime?
False
Is 5368217 prime?
True
Is 67241357 prime?
False
Is 337313569 a prime number?
True
Is 10518401 a composite number?
False
Is 94313306 prime?
False
Is 30030461 a prime number?
True
Is 21878719 a prime number?
True
Is 15817511 prime?
True
Is 6533227 prime?
False
Is 69402317 prime?
True
Is 338823535 composite?
True
Is 26527951 a prime number?
True
Is 381160947 composite?
True
Is 260066351 prime?
True
Is 1121105 a composite number?
True
Is 40590773 a composite number?
False
Is 7057 prime?
True
Is 71854457 a composite number?
True
Is 279085613 a prime number?
True
Is 5179453 prime?
False
Is 609503 a composite number?
False
Is 564377 a prime number?
False
Is 216830629 prime?
False
Is 48450557 composite?
False
Is 5164927 a composite number?
True
Is 105449187 a composite number?
True
Is 5253979 composite?
True
Is 8268283 prime?
True
Is 40571 a composite number?
True
Is 4084663 a prime number?
False
Is 35062213 a prime number?
True
Is 70806433 composite?
False
Is 11336383 a composite number?
True
Is 20730161 prime?
False
Is 6216931 a composite number?
True
Is 194384131 composite?
True
Is 20635969 prime?
True
Is 430121 a prime number?
True
Is 518405 composite?
True
Is 1912873 a composite number?
False
Is 825967 composite?
True
Is 57459247 composite?
False
Is 82986987 a prime number?
False
Is 2452133 composite?
True
Is 208801 a composite number?
True
Is 4845299 composite?
False
Is 21855709 a composite number?
False
Is 143547707 a prime number?
True
Is 64842191 a composite number?
True
Is 87283657 a prime number?
True
Is 25662059 a prime number?
True
Is 8893751 a prime number?
True
Is 110024287 a composite number?
True
Is 43616737 a prime number?
True
Is 538491 prime?
False
Is 2243309 a composite number?
False
Is 51049 a composite number?
True
Is 19828713 composite?
True
Is 3541987 composite?
False
Is 17298163 a composite number?
True
Is 392866739 prime?
True
Is 256429441 prime?
True
Is 2517583 a prime number?
True
Is 53504383 a prime number?
False
Is 2772701 prime?
False
Is 137381281 prime?
False
Is 24782613 composite?
True
Is 1413151 composite?
True
Is 204561367 a composite number?
True
Is 20411063 a prime number?
False
Is 541129 composite?
False
Is 19852891 a composite number?
True
Is 22506881 prime?
True
Is 1032943 a prime number?
True
Is 71763379 a prime number?
True
Is 4428733 composite?
True
Is 742737 composite?
True
Is 659887 a composite number?
True
Is 2439869 a composite number?
True
Is 6894091 a composite number?
True
Is 13610819 prime?
True
Is 12815401 a prime number?
False
Is 20190221 a prime number?
True
Is 12646741 a prime number?
False
Is 221431645 a prime number?
False
Is 6939887 prime?
True
Is 8198009 a prime number?
True
Is 5592343 prime?
True
Is 13066033 prime?
False
Is 65675249 a composite number?
False
Is 856493051 composite?
True
Is 10398863 composite?
True
Is 11531362 composite?
True
Is 13757585 a prime number?
False
Is 2808617 composite?
True
Is 16392011 a composite number?
False
Is 83800139 composite?
False
Is 21420949 a composite number?
True
Is 9686945 a prime number?
False
Is 78239 a composite number?
True
Is 49905679 prime?
False
Is 48500833 prime?
False
Is 956963 prime?
False
Is 248051 prime?
True
Is 20096983 a composite number?
True
Is 1694911 a prime number?
False
Is 2221007 composite?
False
Is 309667 a composite number?
False
Is 1058077 prime?
True
Is 10154489 a prime number?
True
Is 366818249 composite?
True
Is 49659371 a prime number?
True
Is 53255 a composite number?
True
Is 2029603 composite?
True
Is 1605857 composite?
True
Is 26365421 prime?
True
Is 1328753 a prime number?
False
Is 10796633 a prime number?
False
Is 4973861 composite?
False
Is 8686049 a composite number?
False
Is 12937763 a composite number?
True
Is 192221 composite?
True
Is 3465933 a composite number?
True
Is 24230807 a prime number?
False
Is 33272093 a prime number?
False
Is 283667 a composite number?
True
Is 2949487 a prime number?
True
Is 892259863 a prime number?
False
Is 17192317 composite?
False
Is 277299601 composite?
False
Is 28067961 composite?
True
Is 52354337 a prime number?
False
Is 82239459 a prime number?
False
Is 13357739 composite?
False
Is 21929197 composite?
True
Is 3805951 prime?
True
Is 21069131 a composite number?
False
Is 360391 a composite number?
False
Is 23358499 prime?
True
Is 17241533 composite?
False
Is 23453843 a prime number?
False
Is 260387671 a composite number?
False
Is 3164519 a composite number?
False
Is 16004273 composite?
False
Is 943273 a prime number?
True
Is 356392417 composite?
False
Is 10465957 a prime number?
True
Is 14615599 prime?
False
Is 1067441 a prime number?
True
Is 1046329 a composite number?
False
Is 8068519 a prime number?
True
Is 2603827 prime?
False
Is 148891 a composite number?
False
Is 296537 composite?
True
Is 812891 a prime number?
False
Is 72694603 a prime number?
False
Is 21661681 a prime number?
True
Is 7634078 a composite number?
True
Is 2514427 prime?
True
Is 3617711 prime?
True
Is 14462769 a composite number?
True
Is 92623 a prime number?
True
Is 8721989 prime?
True
Is 3053123 composite?
True
Is 7990531 a composite number?
True
Is 2975983 a prime number?
True
Is 4912267 composite?
False
Is 45140609 composite?
True
Is 14451581 a composite number?
True
Is 81804091 a prime number?
False
Is 53655617 prime?
False
Is 5007074 prime?
False
Is 762479 a prime number?
True
Is 2364773 a composite number?
True
Is 522113 a prime number?
True
Is 50208209 a prime number?
True
Is 1444999 prime?
True
Is 1940509 a composite number?
False
Is 56703821 prime?
False
Is 239119 prime?
True
Is 15421409 composite?
False
Is 1789649 a prime number?
True
Is 3105163 composite?
False
Is 6856019 composite?
False
Is 554117 a composite number?
False
Is 25718137 a prime number?
False
Is 9834278 prime?
False
Is 113090639 prime?
True
Is 3288221 prime?
False
Is 117711523 prime?
True
Is 131071529 a prime number?
True
Is 4747183 a prime number?
False
Is 2746301 prime?
False
Is 41203439 a composite number?
True
Is 7763281 a prime number?
False
Is 2274083 prime?
False
Is 349784731 a composite number?
False
Is 129364295 a prime number?
False
Is 378343 prime?
False
Is 3400823 a composite number?
False
Is 4101101 composite?
False
Is 22854119 prime?
False
Is 1924393 composite?
False
Is 218056831 composite?
False
Is 871513 a composite number?
False
Is 70622806 composite?
True
Is 149185462 a prime number?
False
Is 720630565 a composite number?
True
Is 69506551 composite?
False
Is 19477417 a prime number?
True
Is 47859647 prime?
False
Is 22671986 prime?
False
Is 125301439 composite?
True
Is 2490929 a prime number?
False
Is 5934449 a composite number?
True
Is 182130791 a composite number?
False
Is 571